7
Let g(x) = 275*x + 5525. Calculate g(-20).
25
Let f(h) = 4*h**2 - 103*h + 560. What is f(18)?
2
Let x(i) = -i**3 - 15*i**2 + 127*i - 117. Give x(-21).
-138
Let v(t) = 2*t**3 - 57*t**2 + 349*t + 21. What is v(9)?
3
Let n(h) = -275*h - 7959. Give n(-29).
16
Let l(r) = 1156*r + 5921. What is l(-5)?
141
Let r(c) = -6*c**3 + 359*c**2 + 58*c + 93. Calculate r(60).
-27
Let n(i) = 43*i - 4765. Calculate n(111).
8
Let i(a) = -4*a**2 + 21*a - 7. What is i(-10)?
-617
Let h(y) = y**3 + 57*y**2 + 41*y - 889. Determine h(-56).
-49
Let u(b) = 2*b**2 - 135*b - 1819. Determine u(79).
-2
Let h(x) = -142*x + 334. Calculate h(3).
-92
Let p(m) = -m**3 - m**2 + 18*m + 28. Give p(-5).
38
Let o(h) = 10*h - 298. What is o(24)?
-58
Let r(w) = -w**3 + 27*w**2 + 127*w - 117. Determine r(31).
-24
Let t(b) = -22*b + 37. Determine t(-5).
147
Let m(h) = h**3 + 8*h**2 + 3. What is m(-9)?
-78
Let h(c) = c**3 - 81*c**2 + 168*c - 783. What is h(79)?
7
Let b(f) = -f**3 - 101*f**2 + 91*f - 1100. Determine b(-102).
22
Let q(g) = 4*g**2 - 124*g - 58. Calculate q(31).
-58
Let x(q) = 6*q**2 - 7*q - 143. Give x(7).
102
Let f(u) = -53*u + 328. Determine f(6).
10
Let s(h) = -81*h + 58. What is s(-1)?
139
Let w(t) = -236*t + 1373. Give w(5).
193
Let z(c) = c**2 - c - 1052. What is z(32)?
-60
Let s(f) = 116*f + 336. Calculate s(-3).
-12
Let u(p) = -p**3 + 451*p**2 - 2672*p + 2. Calculate u(6).
-10
Let r(a) = 7*a + 1. What is r(-1)?
-6
Let q(i) = 6*i**3 - 10*i**2 + 6*i - 13. Give q(4).
235
Let k(p) = -83*p**2 - 42*p - 86. Give k(-2).
-334
Let t(q) = -2*q**2 + 31*q + 82. Calculate t(18).
-8
Let f(u) = -25*u - 1115. Calculate f(-36).
-215
Let d(y) = 4*y**2 + 105*y - 120. Determine d(-27).
-39
Let k(b) = -8*b**2 + 272*b - 1162. Calculate k(29).
-2
Let i(r) = r**3 - 8*r**2 - 298*r + 1859. What is i(6)?
-1
Let x(i) = -i**2 - 233*i + 2433. Calculate x(10).
3
Let w(h) = 7*h**2 + 9*h - 24. Give w(4).
124
Let s(l) = -1220*l**2 - 20739*l + 17. What is s(-17)?
0
Let s(y) = 98*y - 70. Determine s(-2).
-266
Let f(u) = 13*u**3 + 588*u**2 - 462*u - 98. What is f(-46)?
-6
Let z(m) = -22947*m - 45889. Calculate z(-2).
5
Let o(w) = 6*w**2 - 53*w - 29. Give o(11).
114
Let g(h) = 15*h + 398. Determine g(-29).
-37
Let n(m) = m**3 - 37*m**2 - 261*m + 83. Determine n(43).
-46
Let q(c) = -c**3 - 15*c**2 + 45*c + 570. What is q(-12)?
-402
Let y(q) = 39*q - 807. Give y(22).
51
Let n(z) = -z**3 - 18*z**2 - 37*z + 2. Give n(-16).
82
Let a(s) = -s**3 - 26*s**2 - 31*s - 148. Calculate a(-25).
2
Let d(c) = -c**2 + 1494*c + 10505. What is d(-7)?
-2
Let v(f) = 2*f**3 + 12*f**2 + 8*f - 17. Give v(-6).
-65
Let d(g) = g**2 - 63*g + 315. Determine d(58).
25
Let x(c) = -4*c**2 + 29*c - 38. Give x(5).
7
Let s(i) = 4*i**2 - 129*i + 705. What is s(7)?
-2
Let h(p) = -220*p + 2679. Calculate h(12).
39
Let r(p) = p**3 + 16*p**2 + 46*p - 3. Give r(-6).
81
Let c(i) = i**3 - 304*i**2 - 10*i + 3043. Determine c(304).
3
Let c(h) = -h**2 - 44*h + 495. What is c(9)?
18
Let f(l) = 14*l**2 - 7*l - 16. Determine f(-1).
5
Let s(w) = -w + 21. Give s(-5).
26
Let u(o) = o**3 + 31*o**2 + 157*o - 526. Give u(-10).
4
Let k(w) = w**3 - 24*w**2 + 39*w + 106. Give k(22).
-4
Let p(l) = l**3 + 23*l**2 - 29*l - 138. Calculate p(-24).
-18
Let h(r) = -r**2 - 8*r + 18. Determine h(-9).
9
Let v(b) = 2*b**3 + 41*b**2 - 32*b - 88. Determine v(-21).
143
Let k(j) = j**3 - 20*j**2 - 2*j + 25. What is k(20)?
-15
Let f(r) = -r**3 + 124*r**2 - 122*r - 125. Calculate f(123).
-2
Let y(i) = -i**2 - 132*i - 934. Give y(-7).
-59
Let n(k) = 346*k**2 + 691*k + 8. Give n(-2).
10
Let q(j) = 10*j**2 - 87*j + 63. What is q(8)?
7
Let d(r) = -3*r**2 - 34*r - 34. What is d(-16)?
-258
Let b(s) = 9*s - 19. Calculate b(-3).
-46
Let v(u) = -u**2 + 53*u + 15. Determine v(44).
411
Let a(q) = q**3 + 14*q**2 + 18*q + 71. What is a(-12)?
143
Let t(w) = 15*w**2 + 22*w - 39. Calculate t(-3).
30
Let i(k) = 8*k**2 - 135*k - 420. Give i(-3).
57
Let z(t) = -t**2 + 157*t - 5765. Calculate z(60).
55
Let g(q) = -q**3 - 9*q**2 - 1079*q - 7457. Calculate g(-7).
-2
Let c(a) = -a**3 - 5*a**2 + 207*a + 54. Determine c(-17).
3
Let v(c) = 8*c**2 + 192*c. Give v(-24).
0
Let i(v) = -30*v**2 - 2*v. Calculate i(1).
-32
Let o(j) = 2*j**3 - 25*j**2 + 8*j - 30. Determine o(12).
-78
Let a(m) = m**3 + 21*m**2 + 100*m - 55. Give a(-9).
17
Let m(k) = -k**2 - 21*k + 4. Determine m(-17).
72
Let h(y) = 13*y**2 + 2378*y - 231. Give h(-183).
-48
Let u(t) = 194*t - 1593. Calculate u(8).
-41
Let y(f) = f**3 - 35*f**2 + 103*f - 219. Calculate y(32).
5
Let n(o) = -o**2 + 52*o - 498. Determine n(28).
174
Let m(n) = 3*n**2 + 131*n - 469. Determine m(-47).
1
Let m(s) = 5*s**2 + 153*s - 18. Calculate m(-33).
378
Let a(w) = w**2 - 3*w - 45. Determine a(10).
25
Let k(p) = p**3 - 13*p**2 + 7*p + 39. Calculate k(7).
-206
Let b(s) = 105*s - 1047. What is b(10)?
3
Let u(l) = -573*l + 6295. Give u(11).
-8
Let f(s) = s**2 + 29*s + 68. Give f(-23).
-70
Let o(i) = 113*i - 8935. Calculate o(79).
-8
Let a(v) = -3*v - 168. Give a(29).
-255
Let z(t) = -4145*t + 99481. Calculate z(24).
1
Let n(h) = -4*h**3 - h**2 - 14*h - 13. Determine n(-1).
4
Let h(n) = -102*n - 1142. Determine h(-11).
-20
Let g(i) = -4*i**3 + 77*i**2 - 154*i + 27. Calculate g(17).
10
Let u(d) = -193*d - 2482. Determine u(-13).
27
Let l(y) = -28*y + 1107. Determine l(39).
15
Let i(r) = -421*r**3 + 3*r**2 + 6*r + 3. Give i(-1).
421
Let r(h) = -h**3 - 8*h**2 - 5*h + 21. Give r(-7).
7
Let w(p) = -p**3 + 6*p**2 + 109*p + 16. What is w(14)?
-26
Let h(y) = y**3 + 30*y**2 + 60*y + 938. Determine h(-29).
39
Let q(r) = 18*r - 31. Give q(5).
59
Let l(a) = 4*a + 5. Determine l(0).
5
Let j(o) = o**3 + 133*o**2 + 257*o - 648. Give j(-131).
7
Let t(l) = -l**3 + 5*l**2 + 4*l + 6. What is t(3)?
36
Let x(n) = 34*n - 575. Determine x(18).
37
Let q(t) = -7*t + 374. Determine q(57).
-25
Let l(p) = -p**3 - 27*p**2 + 134*p + 307. Calculate l(-31).
-3
Let o(c) = -156*c**2 - 71*c - 20. Calculate o(-3).
-1211
Let c(g) = g**2 - 103*g - 662. What is c(109)?
-8
Let t(p) = -p**3 + 11*p**2 + 6*p + 7. Give t(5).
187
Let f(i) = -11*i + 120. Give f(9).
21
Let r(u) = 5*u - 1125. Determine r(37).
-940
Let c(n) = n**2 - 174*n + 5249. Calculate c(135).
-16
Let r(f) = -2*f + 199. Determine r(98).
3
Let i(y) = -y**3 - 2*y**2 + 29*y + 60. Calculate i(-4).
-24
Let l(f) = -21*f + 690. Calculate l(39).
-129
Let d(v) = 623*v + 21802. What is d(-35)?
-3
Let m(l) = -113*l - 204. Calculate m(-2).
22
Let u(v) = 2*v**2 - 1353*v - 9582. What is u(-7)?
-13
Let x(g) = 4*g**2 - 128*g - 77. Calculate x(32).
-77
Let i(n) = n**3 - 43*n**2 - 191*n + 144. Determine i(47).
3
Let d(j) = 17*j + 52. What is d(-11)?
-135
Let h(w) = w**2 - 61*w + 877. Determine h(23).
3
Let q(u) = 54*u**3 - 2*u**2 - 21*u - 21. Give q(-1).
-56
Let m(j) = -3*j**3 - 86*j**2 - 38*j + 84. Determine m(-28).
-420
Let q(y) = -34*y + 995. Determine q(65).
-1215
Let h(k) = -131*k - 2246. What is h(-12)?
-674
Let q(d) = -d**2 - 13*d + 5. Determine q(3).
-43
Let a(c) = -2*c**3 + 3*c**2 + 12*c + 68. Determine a(7).
-387
Let y(g) = -g**3 + 12*g**2 + 38*g + 108. Give y(15).
3
Let p(w) = -25*w - 3183. Give p(-127).
-8
Let m(n) = -7973*n - 47844. Determine m(-6).
-6
Let v(p) = 1757*p - 1737. Calculate v(1).
20
Let d(g) = -g**3 + 3*g**2 - 5*g + 3. Determine d(2).
-3
Let g(x) = 2*x**3 + 31*x**2 + 78*x + 132. Give g(-13).
-37
Let s(u) = -2*u**3 - 273*u**2 - 135*u + 133. Calculate s(-136).
-3
Let a(f) = 3*f**3 + 14*f**2 - 25*f + 16. What is a(-6)?
22
Let h(v) = -3*v**3 + 95*v**2 + 29*v + 96. Give h(32).
0
Let y(c) = -11*c**2 + 96*c + 412. Calculate y(-4).
-148
Let q(p) = 4*p - 3. Give q(-3).
-15
Let l(n) = 8*n**3 - n**2 + 37*n - 37. What is l(1)?
7
Let j(q) = -2*q**3 + 12*q**2 + 9*q - 65. Calculate j(6).
-11
Let b(j) = -j**2 + 106*j - 604. Determine b(100).
-4
Let k(g) = g**3 + 15*g**2 + g - 21. Give k(-17).
-616
Let p(s) = -s**3 + 3*s**2 - 180*s + 536. Calculate p(3).
-4
Let p(k) = -203*k + 1447. Give p(7).
26
Let p(q) = -2*q**3 - 12*q**2 + 26*q + 148. Give p(-6).
-8
Let t(h) = h**3 + 26*h**2 + 163*h - 97. Determine t(-15).
-67
Let l(j) = 52*j - 1350. Calculate l(26).
2
Let c(n) = 3*n**3 + 440*n - 1322. Give c(3).
79
Let v(o) = o**3 - 9*o**2 + 4*o - 6. Give v(5).
-86
Let i(x) = x**2 - 11*x - 72. Calculate i(-4).
-12
Let d(m) = m**3 + 142*m**2 - 9120*m + 3. Calculate d